0836)/26 is divided by 15?
14
Suppose -5*f - 90 = -3*i, 3*f + 3*i = 2*f. Let p be (6/f)/(5/(-100)). Calculate the remainder when 95 is divided by (2 + -4)*(-100)/p.
20
Let p(f) = -3*f**2 - 2152*f - 12791. Calculate the remainder when 2/9 - (-214)/9 is divided by p(-6).
11
Let f(j) = 16*j**2 - 2*j - 5. What is the remainder when f(-4) is divided by (-2205)/490*88/(-18)?
17
Let m be -3 + (1/(-1) - -213). Let t = m + 358. Suppose 4*r - t = r. Calculate the remainder when r is divided by 32.
29
Let l(q) = -q**3 + 15*q**2 - 41*q + 15. Suppose 42 + 57 = 11*w. What is the remainder when l(w) is divided by 64?
4
What is the remainder when 50/(-18)*(-51)/(-17)*-15 is divided by 8?
5
Let p(g) = 2*g + 23. Let b be p(-9). Suppose -b*f - 493 = -113. Let t = f + 109. Calculate the remainder when t is divided by 9.
6
Suppose 4*c + 3*z = -5 - 164, 5*c - 3*z = -218. What is the remainder when 199 is divided by 2 - 0 - c - 44/11?
35
Let b(u) = -u**2 + 19*u - 84. Suppose 8 + 113 = 11*w. Calculate the remainder when 93 is divided by b(w).
1
Suppose -3*t + 26094 = -90*z + 87*z, 5*z = 4*t - 34797. What is the remainder when t is divided by 161?
160
Suppose -11*u + 4*a - 94 = -14*u, -u + 4*a - 6 = 0. What is the remainder when 349 is divided by u?
19
What is the remainder when 265 is divided by 3 + (15/4 - (-33)/132)?
6
Suppose -4*q = 5*i - 47, 7*q + 5*i = 2*q + 60. What is the remainder when 8/68 + 180/1360 + 247/4 is divided by q?
10
Let n be (-10117)/(-67)*2/(3 - 1). Suppose -3*b + 541 - n = 0. What is the remainder when b is divided by 11?
9
Let g = 1328 - 1304. Let r = 175 - 69. What is the remainder when r is divided by g?
10
Suppose 4*i - 2*s + 163 = s, -4*i + 2*s - 158 = 0. Let t = 92 - 16. Let h = i + t. Calculate the remainder when 115 is divided by h.
37
Let k(y) = 48*y - 25. Let z be k(-5). Let g = z - -332. What is the remainder when g is divided by 19?
10
Suppose 116*g + 9580 = 35*g + 93658. Calculate the remainder when 5193 is divided by g.
3
Let p be (1/1)/(5 + -6). Let t be -18 - ((4 - 3) + p). Let k = 19 - t. Calculate the remainder when k is divided by 22.
15
Let b(m) = 3*m**2 + 44*m - 3. Calculate the remainder when 96 is divided by b(-15).
0
Let q(b) = 6*b + 69. Let w be q(-9). Suppose 34 = 3*d + 5*t + 292, 5*t + w = 0. Let r = d - -112. What is the remainder when r is divided by 17?
14
Let k = 601 + -1705. Suppose -186*f + 2137 - 91 = 0. What is the remainder when (-2)/(-5) + k/(-15) is divided by f?
8
Suppose -5*i = 5*h - 2575, -11*h = -2*i - 14*h + 1031. What is the remainder when i is divided by 43?
41
Calculate the remainder when ((-109)/(-763))/((-2)/(-546)) is divided by 25.
14
Let g = 404 - 286. Let o = 157 - g. Calculate the remainder when 113 is divided by o.
35
Suppose 103*a + 25*a - 19403 = 18485. Calculate the remainder when a is divided by 285.
11
Suppose -4*u - 4*c + 180 = 0, -176 = -3*u + 4*c - 6. Let v = -507 - -1006. Calculate the remainder when v is divided by u.
49
Let l(y) = 15*y**2 + 11*y - 12. Let i be l(3). Let u = 233 - i. What is the remainder when u is divided by 39?
38
Suppose 5*j + 20 = 3*s, 3*j = -3*s - 2*j + 10. Suppose -124 = -s*u - 3*h, -4*u + 102 = h - 0*h. What is the remainder when u is divided by 14?
12
Let v(b) = b**2 - 20*b + 119. Calculate the remainder when 205 - 3/6*-4 is divided by v(14).
32
Let u(j) = 12*j**2 + 4*j - 2. Calculate the remainder when u(-5) is divided by (-2)/(-7) - 10564/(-266).
38
Suppose -7*v + 250 - 2619 = -30*v. Let c = -23 + 51. Calculate the remainder when v is divided by c.
19
Suppose 23*d - 24*d - 18094 = -4*v, v - d - 4528 = 0. What is the remainder when v is divided by 29?
27
Suppose 3*f = -u + 28, 3*u = 4*f + 8*u - 41. Let p = -11 - -33. What is the remainder when p is divided by f?
4
Let r be (-2)/((-2)/(-21)) - -2. Suppose -40*i + 36*i + 2*h = -40, -i - h + 7 = 0. Calculate the remainder when 9 is divided by (i/2 - -2) + r/(-38).
2
Let g(l) = 69*l**2 - 2*l - 1. Let u(h) = -69*h**2 + 2*h + 1. Let q(m) = 7*g(m) + 6*u(m). Calculate the remainder when q(-1) is divided by ((-36)/(-24))/(3/50).
20
Let q(p) = p**3 - 4*p**2 + 3*p + 12. Let x be 8/(-20) - 77/(-5). What is the remainder when 339/x - (-4)/10 is divided by q(3)?
11
Let o = -73 - -78. Suppose -8*y - 24 = -j - o*y, -j + 20 = -5*y. What is the remainder when 113 is divided by j?
23
Let d(w) = -w**3 - 26*w**2 + 158*w - 96. What is the remainder when d(-34) is divided by 19?
18
Suppose 23 - 5 = 3*q. Suppose -5*f = 7*z - q*z - 95, 0 = -5*z. Calculate the remainder when f is divided by 1/2 - (-18)/4.
4
What is the remainder when (2 - (-4910)/(-40))/(1/(-84)) is divided by 38?
35
Suppose -3*p - 4*m = -1416, -5*p + 462*m = 459*m - 2360. What is the remainder when 1422 is divided by p?
6
What is the remainder when 295 is divided by 10 - 0 - (-19)/(171/54)?
7
Let r(d) = 4*d - d**2 - 9*d - 5*d. Suppose 5*o + 2*k = 61, -k = o + 3*k - 5. What is the remainder when r(-4) is divided by o?
11
Let i(y) = 4778*y**2 - 7*y + 20. Suppose 5*z - 186 = 2*z. Suppose 4*c - 4*o = 308, -3*o + z = c - o. What is the remainder when c is divided by i(0)?
12
Suppose 5*a - 6368 = 28*q - 30*q, -q = -5*a + 6386. What is the remainder when a is divided by 425?
1
Let k be 94 + (-2 - (-15)/3) - -1. Suppose 5*r = k - 13. Calculate the remainder when 30 is divided by r.
13
Let c = -81 - -85. Let y(n) = 4*n - 11. What is the remainder when y(c) is divided by 3?
2
Let d(i) = i**3 + 66*i**2 + 243*i + 81. Suppose -x - 3*f = -0*f - 76, -2*f + 393 = 5*x. What is the remainder when d(-62) is divided by x?
75
Let t(u) = u**2 + 3*u - 5. Suppose 16 = x - y, -3*y + 33 = 4*x - 45. Calculate the remainder when x is divided by t(-5).
3
Suppose 13*i - 2*i - 363 = 231. Calculate the remainder when i is divided by 38.
16
Let g = 21937 - 21782. Calculate the remainder when g is divided by 65.
25
Let d(u) be the second derivative of u**5/20 + 5*u**4/12 + u**3/6 + u**2 + 2*u. Let y(g) = 6*g - 31. What is the remainder when y(14) is divided by d(-4)?
11
Let w be 6 + 6952/16 + 2/4. Suppose 76*v = 83*v - w. Calculate the remainder when v is divided by 8.
7
Let f(i) = 137*i**2 + 58*i + 120. Calculate the remainder when f(-2) is divided by 136.
8
Suppose 0 = 11*h - 123 - 53. Suppose 89 = 4*d + 5*g + 13, -4*g - h = 0. What is the remainder when 51 is divided by d?
3
Let j = -6665 + 6714. Calculate the remainder when 748 is divided by j.
13
Let a(t) = -4*t**2 - 37*t + 5. What is the remainder when 2987 is divided by a(-7)?
63
Let u = 319 - 245. Suppose 8*g = u + 142. Calculate the remainder when 35 is divided by g.
8
Suppose -3*f + 18 - 3 = 0. Suppose -650 = -5*v - f*v. Suppose 0 = 11*i - v - 100. Calculate the remainder when 26 is divided by i.
11
Suppose -23*s + 5*n = -25*s + 151, 6*n = 3*s - 240. What is the remainder when 1869 is divided by s?
75
Suppose 6073 + 2905 = 2*q - 4*t, 4*t + 4 = 0. Calculate the remainder when q is divided by 136.
135
Let r be (12/(-8))/3*-6. Suppose 2*m + 2*m = 5*t - 158, 126 = 4*t - 3*m. Calculate the remainder when t is divided by -2 + (-5 + r - -12).
6
Suppose 176 = c + 3*u, 3*c + 0*c - 498 = -3*u. Suppose -3*z + 21 = -78. What is the remainder when c is divided by z?
29
Suppose 126*y + 2170 = -119*y + 280*y. What is the remainder when 11156 is divided by y?
58
Suppose 4*v - f - 1983 = -4*f, -v - 2*f + 497 = 0. Let z = v + -480. What is the remainder when 52 is divided by z?
7
Let u = 8623 - 8309. What is the remainder when 1292 is divided by u?
36
Let l = -1269 - -2051. Let q = 227 + -211. What is the remainder when l is divided by q?
14
Let i(s) = -s**2 + 27*s - 45. Let o be i(2). Suppose b = 5*p - 94, -5*b - 138 + 28 = -o*p. Calculate the remainder when 283 is divided by p.
13
Let i be 127 + 15/((-15)/8). Let d be (-10)/(-25) - 28/(-5). Suppose d*z - i = -5*w + 2*z, -151 = -5*w + 4*z. Calculate the remainder when 161 is divided by w.
26
Let w = 538 - 143. Let l = w + -196. What is the remainder when l is divided by 40?
39
Let f = 155 - 151. Suppose -h - f*h = 5, -12 = -3*d - 3*h. Suppose 5*x - 356 = -d*v + x, -75 = -v + 3*x. Calculate the remainder when v is divided by 37.
35
Let a(w) = w + 14. Let h(p) = 9*p + 269. Calculate the remainder when h(-27) is divided by a(0).
12
Let w be 8/48*10*12. Let j(x) = -x + 92. What is the remainder when 354